t of t?
8
Let g = 115 + -90. Suppose 363*l - 368*l = -g. What is the units digit of l?
5
Let q = 292 + 761. Suppose 5*m - 4*a = 2437, 3*m - 2*a = q + 408. What is the units digit of m?
5
Let l be (-123)/(-12) - (1 + (-14)/8). Suppose -201 = l*h - 1961. Let n = -35 + h. What is the hundreds digit of n?
1
Let p(h) = 9*h**2 + 6*h + 5. Let m be p(4). Suppose 8*d - 1495 = 3*d. Let o = d - m. What is the units digit of o?
6
Let b = 477 - 474. Suppose 2826 = 5*d + x, -b*d + 5*x - 292 = -1982. What is the tens digit of d?
6
Suppose -4 = 4*h - 28. Let i(w) = -4 - 25*w - 15 - h - 3. What is the tens digit of i(-9)?
9
Let u(f) = -2*f**3 + 6*f**2 - 13*f + 13. Let z be u(3). Let s(w) = 2*w**2 + 38*w - 7. What is the tens digit of s(z)?
5
Let m = 101 + -109. Let b(v) = v**3 + 8*v**2 - v + 4. Let r be b(m). Suppose -r*h - 60 = -13*h. What is the tens digit of h?
6
Suppose -3*v = -5*x - 242, 0 = -3*v - 2*x + 6*x + 244. Let k(o) = -2*o + 4*o - 3 + 9 - 5 + v*o**2. What is the units digit of k(-1)?
3
Suppose 6*q - 10*q = -4464. Suppose -3*g - q = -7*g. Let v = g + -186. What is the units digit of v?
3
Suppose 0 = 35*m - 39*m + 7520. Let f = -407 + m. What is the units digit of f?
3
Let s be (-1)/2 + 146/4. Let a = s + -16. What is the tens digit of (-578)/(-10) + (a/(-25) - -1)?
5
Let y = -2293 + 36499. What is the hundreds digit of y?
2
Let f = 566 + -540. Suppose -f*i = -16*i - 16390. What is the tens digit of i?
3
Let d(t) = t**3 - 12*t**2 + 11*t + 10. Let c be d(11). What is the units digit of ((-5)/c - -1)*6?
3
Let z(q) = 10*q + 5. Let w(k) = 12*k + 5. Let g(p) = -23*p - 10. Let l(j) = -3*g(j) - 5*w(j). Let t(n) = 6*l(n) - 7*z(n). What is the units digit of t(-2)?
7
Let w(m) = -127*m - 48. Let c be w(6). What is the hundreds digit of (36/10)/((-9)/c)?
3
Suppose 144*t - 8 = 136*t. What is the tens digit of -5 - t - (-4 - 45)?
4
Let g(z) = 2*z**3 + 220*z**2 + 590*z + 368. What is the thousands digit of g(-106)?
7
Let g(o) = -20*o - 11 - 31*o + 0*o**2 - o**2 + 28. What is the tens digit of g(-16)?
7
Suppose 52*d - 31915 = 50*d - 5*c, -c = 2*d - 31919. What is the thousands digit of d?
5
Suppose -4*a + 60 = -16. Let m(k) = 129*k**3 - 10*k + a*k - 8*k. What is the tens digit of m(1)?
3
Let r(j) = -j**3 + 14*j**2 - 6*j + 8. Suppose -2*d = -5*o - 249, 0 = -2*o - 2*o - 4*d - 188. Let c = -36 - o. What is the units digit of r(c)?
9
Suppose -54*j + 358099 + 406865 - 268758 = 0. What is the hundreds digit of j?
1
Suppose 27*r + j = 23*r + 24175, -4*j + 18128 = 3*r. What is the thousands digit of r?
6
Suppose 9 = -0*r + 3*r. Let v(l) = l**2 + 26*l - 21. Let d be v(-7). Let i = r - d. What is the units digit of i?
7
Let y(c) = 22*c - 2. Let b be y(1). Let j(p) = -3*p - 7*p - b + p. What is the tens digit of j(-8)?
5
What is the thousands digit of (-9598)/(-10 - (6 + -14))?
4
Let g(w) = -w**2 + 2*w - 20. Let r(a) = -6*a**2 + 10*a - 100. Let j(n) = 11*g(n) - 2*r(n). Let o be j(0). Let d = 17 - o. What is the tens digit of d?
3
Let c(x) = -x**2 + x + 16. Suppose 3*z - 11*z + 32 = 0. Let t be c(z). Suppose 4*j - t = -k + j, 0 = -3*k + 3*j + 72. What is the tens digit of k?
1
Suppose -303*g + 299*g = -26584. What is the tens digit of g?
4
Suppose 0 = m + 168 + 43. Let c = m + 397. What is the units digit of c?
6
Suppose 2*y - y = 70. Let p = y + -34. Suppose -7*j + 5*j + p = 0. What is the units digit of j?
8
Let z(l) = -5*l**3 + 6*l**2 + 9*l. Suppose 6*f = 4*n + 4*f + 10, 2*n = -3*f - 9. What is the units digit of z(n)?
2
Let c(m) = -1114*m - 3616. What is the tens digit of c(-46)?
2
Suppose 7072 + 1338078 = 25*d. What is the thousands digit of d?
3
What is the hundreds digit of 8184190/105 - (-2)/6?
9
Let w = -292 - -293. What is the hundreds digit of -2 + w - 4*(1 - 83)?
3
Suppose -22*k = -8520 - 199842. Suppose -10*j = -3*j - k. What is the thousands digit of j?
1
Suppose 2*r - 2*r = -3*r. Suppose r = -11*l + 10479 - 1943. What is the units digit of l?
6
Let l(q) = q**2 + 23*q + 88. Let v be l(-21). Suppose 45*f = v*f - 361. What is the tens digit of f?
6
Suppose 731*q - 40070 = 721*q. What is the units digit of q?
7
Let d(m) = -m**3 - 17*m**2 + 2*m + 41. Let f be d(-17). Suppose f*i = 158 + 549. Suppose -2*y + q = 3*q - 206, -i = -y - 2*q. What is the tens digit of y?
0
Suppose -i + 165 - 42 = 0. Suppose -3*z = -2*v - 585, 0 = 23*z - 25*z + 5*v + 401. Let b = z - i. What is the tens digit of b?
7
Let o = 131996 - 75842. What is the hundreds digit of o?
1
Suppose 0 = -20*o + 50444 + 7652 + 117244. What is the tens digit of o?
6
Suppose 107630 = 85*o + 9*o. What is the hundreds digit of o?
1
Let a(t) be the second derivative of t**4/12 + t**3/2 - 4*t**2 - 446*t. Let y(f) = -f**3 + 3*f**2 + f + 1. Let s be y(4). What is the tens digit of a(s)?
8
Let n = 407 - 403. What is the hundreds digit of (458 - 2) + -10 + n?
4
Let k(g) = g**3 - 7*g**2 - g + 8. Let v be k(7). What is the units digit of 1/(-2) + (-3930)/(-12)*v?
7
Suppose 2*w = 2*s + 2*s + 636, 330 = w - 5*s. Let j = -130 + w. Suppose -j = -3*h - 9*h. What is the tens digit of h?
1
Let h(o) = -15*o - 16. Let s be h(-10). Suppose -140*i + s*i + 1302 = 0. What is the units digit of i?
7
Let d = -686 + 786. Suppose -2*k + d = -70. What is the tens digit of k?
8
Let b = -365 + 375. What is the tens digit of 3848/(-12)*(-15)/b?
8
Let r = -3928 - -13831. What is the thousands digit of r?
9
Suppose -81*x - 87*x + 181*x - 84461 = 0. What is the tens digit of x?
9
Suppose -2*c - 2*g + 7524 = -22270, 0 = -3*c + 4*g + 44705. What is the units digit of c?
9
Suppose 5*x - 3*c - c = 20, 15 = -4*x - 3*c. Suppose -o + 4*d - 16 = x, d - 8 = -3*o - d. Suppose -175 = -o*b - b. What is the units digit of b?
5
Suppose -2*b = -3*i - 39, -2*i - 5 = 1. Let k = -12 + b. Suppose -k*f + 2 = -f. What is the units digit of f?
1
Suppose 2*w + 7*l = 8*l + 23424, 4*w = 4*l + 46860. What is the tens digit of w?
0
Let b(p) = -p + 14. Let y be b(-5). Suppose 4*z = -4*t + 40, 0 = 5*t + 4*z - 28 - y. Suppose -t*i = -6*i - 169. What is the hundreds digit of i?
1
Let d(h) = 51*h**2 - 969*h + 21. What is the thousands digit of d(45)?
9
Let g = -5505 - -6206. What is the hundreds digit of g?
7
Suppose -13*w + 21*w + 72 = 0. Let a be (6/w)/(3/(-684)*2). Suppose -4*y + a = -3*y. What is the units digit of y?
6
Let h(y) = 70*y + 8418. What is the units digit of h(-33)?
8
Let m = -1925 - -29594. What is the thousands digit of m?
7
What is the tens digit of ((-524)/3)/(9 - (-261)/(-27))*29?
9
Suppose 4*l - s - 33 = 68, 0 = -4*l + 2*s + 106. What is the units digit of (9/(-2)*1)/((-18)/l)?
6
Let w(s) = 9*s**3 + 59*s**2 - 901*s + 46. What is the thousands digit of w(18)?
5
Let d be (-18)/(6 + -12) + 2. What is the tens digit of (916/10)/(1/d)?
5
Let n(v) = 33*v**2 - 84*v + 252. What is the hundreds digit of n(22)?
3
Let a = 12085 + 9271. What is the thousands digit of a?
1
Suppose 51 = 3*w + 6. Suppose -t + 122 + w = -2*k, 15 = 5*k. What is the hundreds digit of t?
1
Let w = -171 + 121. Let n = 134 + w. What is the tens digit of n?
8
What is the ten thousands digit of 4939544/84 - ((-128)/336)/(-4)?
5
Let k be (-11)/(-22) - 76/8. Let d(n) = 6*n**2 + 17*n + 54. What is the units digit of d(k)?
7
Suppose -24*i + 1611368 + 1190410 - 718938 = 0. What is the thousands digit of i?
6
Let b be (-9)/63 + 1014/(-7). Let a = b + 791. What is the hundreds digit of a?
6
Suppose 3*x = -n + 170, -3*x + 4*n - 29 + 174 = 0. Let y = -48 + x. What is the units digit of (y/(-1))/(-1) + -2 + 1?
6
Let u(o) = -o**3 - 13*o**2 + 12*o - 32. Let g be u(-14). Let a be g - (705/5 + 2). Let h = -99 - a. What is the units digit of h?
8
Suppose 0 = 407*c - 408*c - 4*u + 20376, -4*c = -5*u - 81462. What is the hundreds digit of c?
3
Suppose -261 = 3*s - 6*s. Suppose 6*o - s = -27. Suppose o*w = 1743 - 323. What is the units digit of w?
2
Suppose 26*p - 2*p - 120 = 0. Suppose -15*u = p*u - 15160. What is the tens digit of u?
5
Suppose 6*j = -5*a + 5*j - 90, 3*a - j = -54. Let m = 20 + a. Suppose -3*y - 511 = -m*u - 0*y, 5 = -y. What is the tens digit of u?
4
Suppose 0 = -1091*m + 1054*m + 261553. What is the tens digit of m?
6
Suppose c + 0*h - 5*h - 91 = 0, -c - h + 61 = 0. Let l = c + 450. What is the tens digit of l?
1
Let z be 2/(-11) - (-2160)/(-220). Let o(h) = -h**3 + 5*h**2 - 38*h - 47.